
2, 3
Let k(h) = -3*h - 7. Let i be k(5). Let d = 1 - i. What are the prime factors of d?
23
Let o = 378 + -267. Suppose -c + p - o = -5*c, -2 = 2*p. List the prime factors of c.
2, 7
Suppose -2*u + 4 + 6 = 0. Suppose -4*v - 5 = -u*v. Let n = v + -1. What are the prime factors of n?
2
Let s(t) = t**3 - 10*t**2 + 6. Let k be s(10). Let a be (1/(-1))/((-2)/k). Suppose 0 = 3*n - z - 34, -3*z = -a*n - 8*z + 28. What are the prime factors of n?
11
Suppose -3*j - 1 = 2, -x = 2*j + 1. Let a be 2 - (3 - (x + 2)). Suppose -35 = -4*m + 2*q + 1, -a*q = -m + 3. What are the prime factors of m?
11
Suppose 2*w - 36 = 5*t, w = -3*w - 5*t + 72. List the prime factors of (-4)/(-18) + 284/w.
2
Suppose -3*i - 10 = 38. Suppose -2*s = -3*s - 23. Let c = i - s. What are the prime factors of c?
7
Let u = 33 - 22. What are the prime factors of u - -2 - 3/1?
2, 5
Let o be (-13)/(-4) + 5/(-20). Suppose -o*m + 26 = -31. What are the prime factors of m?
19
Suppose -21*u + 16 = -17*u. What are the prime factors of u?
2
Suppose 6*u = 2*u + 20. Suppose -u*x + 12 = 4*p, 3*p + 12 = 5*p + x. Let r = p - 5. What are the prime factors of r?
3
Let k(a) = a**2 - 7*a - 1. Let d = 17 + -10. Let s be k(d). List the prime factors of (s - -2) + (-4)/(-2).
3
List the prime factors of 32*(-3)/9*-3.
2
Let f(q) = q**2 - 9*q - 10. Let p be f(10). Suppose p = -2*r, 0 = -4*z - 5*r + 68. Let l = z - 10. List the prime factors of l.
7
Let v = -31 - -99. What are the prime factors of v?
2, 17
Let n = 9 + -3. Suppose -4*v = -v - 6. Suppose -y = v*y - n. List the prime factors of y.
2
Let s be -2 + 0 + 2*16. Suppose s = u + u. List the prime factors of u.
3, 5
Suppose 0 = 3*t, 2*t - 5 = -d + 1. Suppose 2*p = -2*p + 200. Suppose -g - p = -d*g. List the prime factors of g.
2, 5
What are the prime factors of 2475/50*8/6?
2, 3, 11
Suppose w = 5*w - 152. Let o = 53 - w. List the prime factors of o.
3, 5
Let o(p) = -3*p + 8 + 8*p - 4*p. Let r(m) = -m. Let n be r(5). What are the prime factors of o(n)?
3
Let m(q) = -1 + q**2 - 1 + 2 - 5*q + 1. Let d be m(7). Suppose 5*t - 2*z = 35, t + 2*z = 4*z + d. List the prime factors of t.
5
Let g(q) = -q**3 + 12*q**2 - 8*q + 3. List the prime factors of g(11).
2, 3
Suppose 3*n - 4*z = -2 + 4, -5*n + 26 = -z. List the prime factors of n.
2, 3
Let f(g) = -2*g**3 + 2*g**3 - 5*g**3 + 4*g - 6*g**2 + 4*g**3 - 8. List the prime factors of f(-7).
13
Suppose 4*k - 3*x - 87 = -23, 0 = -4*k + x + 72. What are the prime factors of k?
19
Suppose 4*v = -x - 10 + 25, v - 2*x = -3. What are the prime factors of v?
3
What are the prime factors of 111 + 2*(1 + 0)?
113
Let j = 698 + -341. List the prime factors of j.
3, 7, 17
Suppose 6*l - 195 = 5*l + 3*d, 0 = 5*l + 3*d - 1047. What are the prime factors of l?
3, 23
Suppose 5*m = 16 + 4. Suppose -3*r = 4*t - 131 - 15, m*r = 2*t + 202. List the prime factors of r.
2, 5
Let t(n) = n**3 + 3*n**2 + 3. Let o be t(-3). Let g = o + -18. Let c = g - -22. What are the prime factors of c?
7
Suppose j = -2*k - 28, -2*j - k - 140 = 2*j. List the prime factors of (j/(-14))/((-15)/(-70)).
2, 3
Let l be 5/10 + 14/(-4). Let i = l + 33. List the prime factors of i.
2, 3, 5
Suppose 54 = -3*s + 3*y, -y + 6 = -s - 4*y. List the prime factors of 125/7 - s/105.
2, 3
Let g be (15/12)/(3/96). Let m = g - 20. What are the prime factors of m?
2, 5
Let r = -41 - -76. Suppose -r = -3*x + 49. What are the prime factors of x?
2, 7
Suppose -3*l = -2*u - 150, -249 = 3*u + l - 46. Let z = -44 - u. What are the prime factors of z?
5
List the prime factors of ((-1026)/(-45))/(4/10).
3, 19
Let s be (42/(-4))/((-3)/6). Let y be s/(-2)*(0 + 2). Let g = y - -32. What are the prime factors of g?
11
Let a(i) be the first derivative of i**2 + i + 2. List the prime factors of a(2).
5
Suppose 2*m - 115 = -15. List the prime factors of m.
2, 5
Suppose 5*w - 9 = 1. Suppose -f = w*f - 9. Suppose 5*d = -4*x + 25, -f*d - x = -2*x - 15. What are the prime factors of d?
5
Suppose -4*b - 5*d = -14, 6 = b + d + 2. Suppose 3*y + 5*k - 7 = 0, b - 1 = -5*k. List the prime factors of y.
2
Suppose d + x + 4*x + 13 = 0, -4*d + 4*x + 20 = 0. Suppose d*q + 2 = 2*b, 4*b - 19 = -3*q + 13. What are the prime factors of b?
5
Let d(h) = -h**2 - 5*h - 6. Let y be d(-4). What are the prime factors of (24/20)/(y/(-10))?
2, 3
Let l(n) = -n**3 - n**2 + 6*n + 8. What are the prime factors of l(-3)?
2
Suppose -2*d - 5*w = -68, 0 = 3*d + d - 3*w - 136. Suppose 0 = 3*t + 3*x - 7*x - 61, 2*t = x + d. List the prime factors of t.
3, 5
Let b = -385 - -669. List the prime factors of b.
2, 71
Suppose 5*w - 4 = f, 3*w - 4 = -3*f + 2*f. List the prime factors of (1/2)/(f/10).
5
Let o = 22 + -15. Suppose -3*m + m + 84 = 0. Suppose 5*a - m = -o. List the prime factors of a.
7
Suppose -4*j + 8 + 4 = 0. Let h be j/(-6) + (-29)/2. What are the prime factors of (h/2)/5*-2?
3
Let p(o) = 3*o**2 - o - 2. Let u(j) = -2 + j**3 + 5*j - 2 + 5 - 3 + 6*j**2. Let x be u(-5). List the prime factors of p(x).
2, 3
Let x = 114 + -64. List the prime factors of x.
2, 5
Suppose -2*v - 7 = 2*f - 3*v, 6 = 3*f + 4*v. List the prime factors of f/3*6*-1.
2
Let r be ((-2)/(-1) - -10)*1. Suppose 2*g + 0*g - 6 = 0. Suppose g*h - 45 = -r. What are the prime factors of h?
11
Let h = -15 + 18. What are the prime factors of h?
3
Let n(b) = -b**3 + 7*b**2 - 7*b + 4. Let l be -3 - -1 - (1 + -8). List the prime factors of n(l).
19
List the prime factors of ((-327)/6)/(-2*(-1)/(-4)).
109
Let p(w) = 2*w**3 - 3*w**2 + w - 1. Let m be p(2). Suppose 0 = -2*d + 3*d - m*f - 27, 0 = -3*d + 3*f + 21. Suppose -o + 9 = -d. What are the prime factors of o?
11
Let d(i) = i**3 + 7*i**2 - 7*i + 2. Let o be d(-8). Let l(q) = -q**2 - 12*q + 9. List the prime factors of l(o).
3, 5
Suppose 0 = -0*r + 2*r - 14. Suppose x - 14 = -r. What are the prime factors of x?
7
Suppose -56 = -t - 3*t. What are the prime factors of 17/5 + t/(-35)?
3
List the prime factors of 9/(-15)*35/(-1).
3, 7
Suppose 3*t + d - 7 = 3, 0 = 5*t + 5*d - 10. Suppose 0 = -t*u + 67 - 19. What are the prime factors of u?
2, 3
Suppose -2*c = 2*c. Suppose 2*q + 4*t - 24 = c, 5*q + 0*t + 3*t = 60. List the prime factors of q.
2, 3
Suppose 6*p = -k + 3*p + 47, 0 = -3*p. Let r = 9 - k. What are the prime factors of (r/(-6))/(2/6)?
19
Let z = 23 - 19. Suppose x = -x + z*v + 52, 3*x + v - 71 = 0. List the prime factors of x.
2, 3
List the prime factors of 1476/(-12)*-1*1.
3, 41
Suppose 3 = y + 2*y. Suppose f + y = -0*f. What are the prime factors of 7 - (f - 0)*1?
2
Let m be (-8)/(-3)*3 + 0. Let f(r) = -r**2 + 9*r + 6. List the prime factors of f(m).
2, 7
List the prime factors of 889/6 - (-3)/(-18).
2, 37
Suppose -109 - 25 = -2*v. What are the prime factors of v?
67
Suppose 4*k + 50 = 3*g, 5*k + 48 + 19 = 4*g. Let s(j) = j**3 + 7*j**2 - 2*j - 7. Let n be s(-7). Let v = g - n. List the prime factors of v.
11
Let k(g) = 2*g + g**2 - 2*g**2 - 2 + 3. Let f be k(-2). List the prime factors of (-12)/f + (-2)/(-7).
2
Let c(z) = z - 2. Suppose 0*d + 3*h - 29 = -4*d, 3*d + h = 18. Let t be c(d). Suppose -5*f = -t*w + 8, -4*f - 4 + 0 = -2*w. List the prime factors of w.
2, 3
Let i = -58 - -91. List the prime factors of i.
3, 11
Let z(r) = r - 1. Let x be z(-4). Suppose -5*n = -4*t - 124, -2*n + 36 = 5*t - 7. Let d = n + x. What are the prime factors of d?
19
Suppose -11 + 2 = -3*i. Let z(j) = 2*j**2 - 4*j + 1. What are the prime factors of z(i)?
7
Suppose -4*u - 2 - 14 = 0. Let v = u + 5. List the prime factors of 26/2 - (2 - v).
2, 3
Let q = 55 - 37. What are the prime factors of q?
2, 3
Let d be (-38)/(-3) - 1/(-3). Suppose -2*a = -a - d. What are the prime factors of a?
13
Suppose 4 = r - 1. What are the prime factors of ((-32)/10)/((-1)/r)?
2
Suppose 0*k + k + 42 = 0. List the prime factors of (-1074)/k + 8/(-14).
5
Let q = 487 - 159. List the prime factors of q.
2, 41
Let i = 224 - 60. What are the prime factors of i?
2, 41
Suppose 4*k = -5*i + 195, 2*i - 2*k - 156 = -2*i. Suppose 0*p = -3*p + i. List the prime factors of p.
13
Suppose 0 = -i - 0*i + 5*o - 3, 0 = -5*i - 3*o + 69. Let n be (i/9)/((-4)/(-6)). Suppose n*p + p = 24. What are the prime factors of p?
2
Let h be (-3)/(-2)*16/(-12). Let x(k) = -k**3 - k**2 - k. Let t be x(h). Let c(o) = o**2 - 2*o - 4. List the prime factors of c(t).
2, 5
Let g be (1